1
Let o(f) = f - 1. Let v(c) = 22*c + 3. Let x(h) = -3*o(h) - v(h). Let r be x(-3). Suppose 0 = -0*l - 5*l + r. What are the prime factors of l?
3, 5
Suppose -x + 11 = 5*f, 4*x - 3*x = -2*f + 5. Suppose 38 = f*d - 0*d. Let k = -12 + d. List the prime factors of k.
7
Let s(l) = -2*l**3 + 3*l**2 - l + 2. Let h be s(2). Let i(a) = a**3 + 3*a**2 - 5*a + 3. What are the prime factors of i(h)?
7
Let g = -53 + 76. Suppose -5*r = -17 - g. What are the prime factors of r?
2
Suppose 9 = 2*r + d, -6*r + 4*r = 3*d + 1. Let q = 7 + -7. Suppose -o + r + 10 = q. List the prime factors of o.
17
Let z(f) = f - 3. Let l be z(5). Let h(s) = -3*s**l - s**2 - 9*s + 3*s**2 + 11. What are the prime factors of h(-9)?
11
Suppose -z = 2*a - 39, 3*z - 2*a - 162 = a. List the prime factors of z.
7
Let k(m) = m - 4. Let q be k(5). Let b = -6 + 5. List the prime factors of 24 + 4/(b - q).
2, 11
List the prime factors of 1*6/4*2.
3
Let c(w) = w**2 + 2*w + 2. List the prime factors of c(-8).
2, 5
Let l(w) = -2*w + 0*w + 5 - w**2 + 0*w - 4*w. What are the prime factors of l(-5)?
2, 5
Let g(z) = 9*z - 3. Let v be g(3). Suppose v = y + 1. List the prime factors of y.
23
Let r(t) = t - 3. Let l be r(4). What are the prime factors of 20 + (l - -1 - -1)?
23
Let s = 9 + -1. What are the prime factors of (-6)/3*(-84)/s?
3, 7
Let w(x) = 10*x - 9. Let u(q) = -5*q + 5. Let g(f) = 5*u(f) + 3*w(f). What are the prime factors of g(4)?
2, 3
Let a(p) be the second derivative of p**5/20 - 5*p**4/6 + 3*p**3/2 + 4*p**2 + p. Let v be a(9). Let x = v - 5. List the prime factors of x.
3
Let r be (-6)/18 - (-22)/(-6). List the prime factors of ((-2)/r)/(2/60).
3, 5
Suppose -10 - 10 = 5*z. Let u(o) = -o - 4. Let f be u(z). Suppose 2*q + f + 8 = 4*s, 0 = -4*s + q + 10. List the prime factors of s.
3
Suppose -2*p = -7*p + 4*d + 65, 2*p = -4*d + 26. List the prime factors of p.
13
Let j(d) = 14*d - 45*d - 10*d. Let k be j(-1). Suppose -5*o + 49 + 16 = -5*v, 5*v + k = 2*o. What are the prime factors of o?
2
Suppose 3*n + 4*w = 5*n - 174, -5*n = 4*w - 407. What are the prime factors of n?
83
List the prime factors of (-401)/(-7) - (-4)/(-14).
3, 19
Let d(r) be the second derivative of -r**3/3 + 3*r**2/2 + 4*r. Suppose 0*s - 4*s - 16 = 0. List the prime factors of d(s).
11
Suppose 0 = -7*g - 2*g + 1062. What are the prime factors of g?
2, 59
Let n(g) = -2*g**3 + g - 4. Let a be n(-3). Suppose -5*i + a = -5*w - 3, 3*i = -3*w + 60. Suppose 2*l + l = i. What are the prime factors of l?
5
List the prime factors of (-1)/(1 + (-84)/82).
41
Suppose -2*h + 4 = -0*h. Suppose -5*v + 13 = h*q, 0 = -0*q - q - 3*v + 4. What are the prime factors of q?
19
Suppose 0 = u - 0*u - 5, -3*l - 4*u + 56 = 0. Suppose -4*f + s = -s - 40, -5*s = -2*f + 36. What are the prime factors of (-80)/(-6)*l/f?
2, 5
Suppose 0 = 2*j - 0 - 8, 54 = 2*x - 5*j. What are the prime factors of x?
37
Let y = 0 - -2. Let k be -1 - (y + -2) - 1. Let b = 6 + k. List the prime factors of b.
2
Suppose -2*p + 60 = 2*p. Suppose 5*w - 2*t - 22 = 16, 0 = -4*w + t + 31. Let z = p - w. What are the prime factors of z?
7
Let j(c) = c**3 - 3*c**2 + 4*c - 2. Let l be j(3). Suppose b - 6*b + l = 0. Suppose y - 27 = -b*y. What are the prime factors of y?
3
Let p(v) = 3*v. Let l be p(1). Let o = l + 4. Let s = o - 4. What are the prime factors of s?
3
Let l be (-4)/2*24/(-3). Suppose 0 = 2*i - 8 - l. List the prime factors of i.
2, 3
Let i(q) = q**3 - 7*q**2 + 8*q - 15. List the prime factors of i(7).
41
Suppose 5*t + 95 = 5*c, 2*c + 2*t - 17 = -3*t. What are the prime factors of c?
2
Let d be 5*(60/(-25) - -2). Let b be (-3)/(18/(-16))*-3. List the prime factors of d + b/(-2) + 10.
2, 3
What are the prime factors of 39/((-4)/(-7 + -5))?
3, 13
Suppose 0 = 4*v - 7 - 81. Suppose -2*w = -2*t + 16, t - 2*w = -3*t + v. List the prime factors of t.
3
Let l(p) = 4*p - 2. Let j be l(-2). Suppose 70 = -3*b - 2*h - 25, -4*b - 132 = 4*h. Let q = j - b. What are the prime factors of q?
19
Let p = -4 - -7. Let i(n) = 5 + 3*n + 0*n**p - n**3 - 8*n**2 - 11 - 13*n. What are the prime factors of i(-7)?
3, 5
Let n be -17 + (10 + -2)/(-4). Let x = n + 29. What are the prime factors of x?
2, 5
Suppose y = 5, -5*v + v + 5*y = 1. Let h = 29 + -12. Let q = h - v. List the prime factors of q.
11
Let a = 92 + -59. What are the prime factors of a?
3, 11
Let b(c) = -c**3 - 5*c**2 - c - 5. Let w be b(-5). Suppose w = -5*i + 154 + 76. What are the prime factors of i?
2, 23
Let s = 1 + 2. Suppose -s*c = x + c - 6, 5*x + 4*c = 14. Suppose 0 = x*z, -5*v - 2*z = -4*z - 40. What are the prime factors of v?
2
Let y(j) be the first derivative of -j**2/2 + 8*j + 4. What are the prime factors of y(-6)?
2, 7
Let l = 71 - 11. List the prime factors of l.
2, 3, 5
Let s(o) = -2*o**3 - 3*o**2 + 5*o + 2. Let j be s(-3). Suppose -2*z = -r - j, -r = 5*z - 54 + 12. List the prime factors of z.
2
Suppose 0 = -3*w + 77 + 64. Suppose -5*i - 17 = -2*g - w, 4*i - 3*g = 31. Suppose -3 - i = -c. List the prime factors of c.
7
Let x be 2/(34/10 + -3). Suppose 3*y - y - 41 = -r, x*y - 102 = -3*r. List the prime factors of y.
3, 7
What are the prime factors of ((-2)/(-6))/(11/1122)?
2, 17
Suppose -7*f = -4*f + 21. Let o(g) = g**3 + 7*g**2 - 5*g - 4. What are the prime factors of o(f)?
31
Let s(y) = y**2 + 5*y + 2. Let o be s(-6). Let p be 0 - (-18 + 0)/(-3). Let i = p + o. What are the prime factors of i?
2
Let p(u) = -177*u + 3. List the prime factors of p(-1).
2, 3, 5
What are the prime factors of (-180)/(-15) + 1 + -3?
2, 5
Let w be 6 - (2 - -1) - 1. Suppose z - 12 = w*z + 2*c, -2*z - 2*c - 14 = 0. List the prime factors of (z - -1) + 2*6.
11
Let m(o) = o**3 - 3*o**2 + o. Let a be m(3). Suppose -5*y - l - 4*l + 15 = 0, a*y - l - 17 = 0. Suppose 53 = y*q - 7. List the prime factors of q.
2, 3
Suppose 0 = n + 3*n - 16. Let m = 26 + 18. Suppose n = -5*p + m. What are the prime factors of p?
2
Let d = -1 - -6. Suppose 3*p - 4*h = 13, -5*h = 4*p - 3*h - 10. Suppose x - d = p. List the prime factors of x.
2
Let y(o) = -o**3 - 3*o**2 - 3*o - 2. Let d be y(-2). Suppose -41 = -5*r + 2*v - 7, d = -4*r - 5*v + 14. Let h = 18 - r. What are the prime factors of h?
2, 3
Let p(h) = 19*h**3 + 2*h**2 - 2*h + 1. Let w = -11 + 12. What are the prime factors of p(w)?
2, 5
Let z = 1 - -5. List the prime factors of z.
2, 3
Let x(j) = -5*j + 7. What are the prime factors of x(-5)?
2
Let x = 47 - 9. Let k be (-3)/((-6)/4) + x. Suppose 3*i = -2*i + k. What are the prime factors of i?
2
Let z = 1 + 4. Let o be (-2)/3 + (-10)/(-6). Suppose -2*k = -z - o. List the prime factors of k.
3
Suppose o - 6 + 3 = 0. List the prime factors of o.
3
Let b be (-1 - -51)*(-6)/(-15). Let z = 6 - 3. Suppose -f + 6*f + 5*s = b, 3*s = z*f - 42. What are the prime factors of f?
3
Let v(b) be the third derivative of b**6/120 - b**5/12 - b**4/6 - 7*b**3/6 - 2*b**2. Let j be v(6). Let h = j + -1. What are the prime factors of h?
2
Let r = -38 + 73. What are the prime factors of r?
5, 7
Let z(x) = 2*x - 6. Let l be z(5). Suppose -3*y + 35 + 78 = u, u + 153 = l*y. Suppose 0 = 2*a - 4*a + y. List the prime factors of a.
19
Let c(f) be the first derivative of -f**4/4 + 7*f**3/3 + 3*f**2 - 14*f - 4. What are the prime factors of c(7)?
2, 7
Let n be 2 + (-1)/1 + -1. Suppose -4*q = -4*s + 76, 5*s - q - 75 = -n*s. What are the prime factors of s?
2, 7
Let o(k) = -k**3 - 7*k**2 + k + 10. Let a be o(-7). Suppose -a*c + 18 = -6*c. Let h = c - -16. What are the prime factors of h?
2, 5
Suppose 3648 + 2268 = 17*k. List the prime factors of k.
2, 3, 29
Let d be (-320)/6*(-12)/10. Suppose 5*r - d = r. Suppose 0*k = 2*j - k - 26, -4*k = 2*j - r. What are the prime factors of j?
2, 3
Suppose -10*x = -5*x - 60. What are the prime factors of x?
2, 3
Let t = 30 + -67. Let w = -22 - t. List the prime factors of w.
3, 5
Suppose n = -0*g - 2*g + 230, -5*g + 575 = -4*n. List the prime factors of g.
5, 23
Suppose 3*n + 0*n - 34 = -5*m, 2*n - 26 = -4*m. Suppose -8 = -n*j + j. List the prime factors of j.
2
Suppose c - 20 = -4*c + 2*u, -15 = -5*c + u. Suppose 0 = 3*x - c*x - 26. List the prime factors of x.
2, 13
Let r = 23 + 0. What are the prime factors of r?
23
Let h be (-2)/6 - 4/(-12). List the prime factors of 2*((-1 - -3) + h).
2
Let n(c) = 3 + 9*c**2 + c - 3 + 4*c**2. List the p